{"id":13451,"date":"2026-04-27T15:49:50","date_gmt":"2026-04-27T14:49:50","guid":{"rendered":"https:\/\/vertebradansa.com\/espai-viu\/"},"modified":"2026-04-27T15:49:50","modified_gmt":"2026-04-27T14:49:50","slug":"espai-viu","status":"publish","type":"page","link":"https:\/\/vertebradansa.com\/es\/espai-viu\/","title":{"rendered":"Espai Viu"},"content":{"rendered":"\t\t<div data-elementor-type=\"wp-page\" data-elementor-id=\"13451\" class=\"elementor elementor-13451 elementor-12771\" data-elementor-post-type=\"page\">\n\t\t\t\t<div class=\"locoscroll-bg-animated wolf-core-elementor-row wolf-core-font-light elementor-element elementor-element-a74b0a3 wolf-core-font-light locoscroll-bg-parallax e-flex e-con-boxed e-con e-parent\" style=\"opacity:0;\" data-scroll=\"\" data-scroll-css-progress=\" \" data-bg-url=\"https:\/\/vertebradansa.com\/wp-content\/uploads\/2026\/04\/fons-espai-viu-retallat.jpg\" data-bg-url-tablet=\"\" data-bg-url-mobile=\"\" data-scroll-custom-offset=\"\" data-scroll-custom-duration=\"\" data-scroll-class=\"locoscroll-animate\" data-scroll-entrance-animation=\"\" data-font-skin=\"light\" data-color-tone=\"dark\" data-id=\"a74b0a3\" data-element_type=\"container\" data-e-type=\"container\" data-settings=\"{&quot;background_background&quot;:&quot;classic&quot;}\">\n\t\t\t\t\t<div class=\"e-con-inner\">\n\t\t\t\t<div class=\"elementor-element elementor-element-4d83f58 animated-heading-yes elementor-widget__width-initial elementor-widget elementor-widget-heading\" data-id=\"4d83f58\" data-element_type=\"widget\" data-e-type=\"widget\" data-widget_type=\"heading.default\">\n\t\t\t\t\t<h1 data-animation=\"title\" class=\"elementor-heading-title elementor-size-default\">ESPAI<\/h1>\t\t\t\t<\/div>\n\t\t\t\t<div class=\"elementor-element elementor-element-26dfbd2 animated-heading-yes elementor-widget__width-initial elementor-widget elementor-widget-heading\" data-id=\"26dfbd2\" data-element_type=\"widget\" data-e-type=\"widget\" data-widget_type=\"heading.default\">\n\t\t\t\t\t<h1 data-animation=\"title\" class=\"elementor-heading-title elementor-size-default\">VIU<\/h1>\t\t\t\t<\/div>\n\t\t\t\t<div class=\"elementor-element elementor-element-739c04e elementor-align-left elementor-invisible elementor-widget elementor-widget-button\" data-id=\"739c04e\" data-element_type=\"widget\" data-e-type=\"widget\" data-settings=\"{&quot;_animation&quot;:&quot;fadeIn&quot;,&quot;_animation_delay&quot;:1000}\" data-widget_type=\"button.default\">\n\t\t\t\t<div class=\"elementor-widget-container\">\n\t\t\t\t\t<div class=\"wolf-core-button-container wolf-core-element\"><a target=\"_parent\" href=\"https:\/\/vertebradansa.com\/ca\/creacio-vertebradansa\/\" role=\"button\" class=\"wolf-core-button wolf-core-button-size-lg theme-button-secondary\" id=\"\"\n\t\t\tstyle=\"\"\n\t\t><span class=\"wolf-core-button-text\">Creaci\u00f3 Vertebra Dansa<\/span><\/a><\/div><!-- .wolf-core-button-container -->\t\t\t\t<\/div>\n\t\t\t\t<\/div>\n\t\t\t\t<div class=\"elementor-element elementor-element-4d0fab6 elementor-align-left elementor-invisible elementor-widget elementor-widget-button\" data-id=\"4d0fab6\" data-element_type=\"widget\" data-e-type=\"widget\" data-settings=\"{&quot;_animation&quot;:&quot;fadeIn&quot;,&quot;_animation_delay&quot;:1000}\" data-widget_type=\"button.default\">\n\t\t\t\t<div class=\"elementor-widget-container\">\n\t\t\t\t\t<div class=\"wolf-core-button-container wolf-core-element\"><a target=\"_parent\" href=\"https:\/\/vertebradansa.com\/ca\/espai-viu-tallers\/\" role=\"button\" class=\"wolf-core-button wolf-core-button-size-lg theme-button-secondary\" id=\"\"\n\t\t\tstyle=\"\"\n\t\t><span class=\"wolf-core-button-text\">Tallers no professionals<\/span><\/a><\/div><!-- .wolf-core-button-container -->\t\t\t\t<\/div>\n\t\t\t\t<\/div>\n\t\t\t\t<div data-animation=\"paragraph\" data-animation-delay=\"0\" class=\" elementor-element elementor-element-a8e9406 animated-text-yes elementor-widget__width-initial elementor-widget elementor-widget-text-editor\" data-id=\"a8e9406\" data-element_type=\"widget\" data-e-type=\"widget\" data-widget_type=\"text-editor.default\">\n\t\t\t\t\t\t\t\t\t<p><span style=\"font-weight: 400;\">L&#8217;Espai Viu \u00e9s un espai de formaci\u00f3 no professional obert a tota la comunitat de Tortosa i voltants, pensat per apropar-se al m\u00f3n de la dansa i el moviment d\u2019una manera accessible i inclusiva. El projecte s\u2019articula a trav\u00e9s de la CREACI\u00d3 VERTEBRA DANSA, orientada al treball creatiu amb entitats de la ciutat i persones interessades, i una programaci\u00f3 de tallers gratu\u00efts per a totes les edats, que fomenten la participaci\u00f3 i l\u2019expressi\u00f3 corporal.Tots els tallers es duran a terme entre el dilluns 20 i el divendres 24 de juliol. La mostra dels tallers es far\u00e0 oberta al p\u00fablic el diumenge 26 de juliol a les 19 h a l\u2019Absis de la Catedral de Tortosa.<\/span><\/p>\t\t\t\t\t\t\t\t<\/div>\n\t\t\t\t\t<\/div>\n\t\t\t\t<\/div>\n\t\t\t\t<\/div>\n\t\t","protected":false},"excerpt":{"rendered":"<p>ESPAI VIU Creaci\u00f3 Vertebra Dansa Tallers no professionals L&#8217;Espai Viu \u00e9s un espai de formaci\u00f3 no professional obert a tota la comunitat de Tortosa i voltants, pensat per apropar-se al m\u00f3n de la dansa i el moviment d\u2019una manera accessible i inclusiva. El projecte s\u2019articula a trav\u00e9s de la CREACI\u00d3 VERTEBRA DANSA, orientada al treball&#8230;<\/p>\n<p><a rel=\"bookmark\" class=\"theme-button-text wolf-core-button wolf-core-button-size-md\" href=\"https:\/\/vertebradansa.com\/es\/espai-viu\/\"><span>Seguir leyendo<\/span><\/a><\/p>\n","protected":false},"author":3,"featured_media":0,"parent":0,"menu_order":0,"comment_status":"closed","ping_status":"closed","template":"","meta":{"footnotes":""},"class_list":{"0":"post-13451","1":"page","2":"type-page","3":"status-publish","4":"hentry","5":"entry","6":"clearfix","7":"entry-grid","8":"entry-columns-default","9":"entry-page-module-layout-standard","10":"no-post-thumbnail","11":"entry-page","13":"entry-page-grid"},"_links":{"self":[{"href":"https:\/\/vertebradansa.com\/es\/wp-json\/wp\/v2\/pages\/13451","targetHints":{"allow":["GET"]}}],"collection":[{"href":"https:\/\/vertebradansa.com\/es\/wp-json\/wp\/v2\/pages"}],"about":[{"href":"https:\/\/vertebradansa.com\/es\/wp-json\/wp\/v2\/types\/page"}],"author":[{"embeddable":true,"href":"https:\/\/vertebradansa.com\/es\/wp-json\/wp\/v2\/users\/3"}],"replies":[{"embeddable":true,"href":"https:\/\/vertebradansa.com\/es\/wp-json\/wp\/v2\/comments?post=13451"}],"version-history":[{"count":0,"href":"https:\/\/vertebradansa.com\/es\/wp-json\/wp\/v2\/pages\/13451\/revisions"}],"wp:attachment":[{"href":"https:\/\/vertebradansa.com\/es\/wp-json\/wp\/v2\/media?parent=13451"}],"curies":[{"name":"wp","href":"https:\/\/api.w.org\/{rel}","templated":true}]}}

<div data-elementor-type="wp-page" data-elementor-id="13451" class="elementor elementor-13451 elementor-12771" data-elementor-post-type="page">
				<div class="locoscroll-bg-animated wolf-core-elementor-row wolf-core-font-light elementor-element elementor-element-a74b0a3 wolf-core-font-light locoscroll-bg-parallax e-flex e-con-boxed e-con e-parent" style="opacity:0;" data-scroll="" data-scroll-css-progress=" " data-bg-url="https://vertebradansa.com/wp-content/uploads/2026/04/fons-espai-viu-retallat.jpg" data-bg-url-tablet="" data-bg-url-mobile="" data-scroll-custom-offset="" data-scroll-custom-duration="" data-scroll-class="locoscroll-animate" data-scroll-entrance-animation="" data-font-skin="light" data-color-tone="dark" data-id="a74b0a3" data-element_type="container" data-e-type="container" data-settings="{&quot;background_background&quot;:&quot;classic&quot;}">
					<div class="e-con-inner">
				<div class="elementor-element elementor-element-4d83f58 animated-heading-yes elementor-widget__width-initial elementor-widget elementor-widget-heading" data-id="4d83f58" data-element_type="widget" data-e-type="widget" data-widget_type="heading.default">
					<h1 data-animation="title" class="elementor-heading-title elementor-size-default">ESPAI</h1>				</div>
				<div class="elementor-element elementor-element-26dfbd2 animated-heading-yes elementor-widget__width-initial elementor-widget elementor-widget-heading" data-id="26dfbd2" data-element_type="widget" data-e-type="widget" data-widget_type="heading.default">
					<h1 data-animation="title" class="elementor-heading-title elementor-size-default">VIU</h1>				</div>
				<div class="elementor-element elementor-element-739c04e elementor-align-left elementor-invisible elementor-widget elementor-widget-button" data-id="739c04e" data-element_type="widget" data-e-type="widget" data-settings="{&quot;_animation&quot;:&quot;fadeIn&quot;,&quot;_animation_delay&quot;:1000}" data-widget_type="button.default">
				<div class="elementor-widget-container">
					<div class="wolf-core-button-container wolf-core-element"><a target="_parent" href="https://vertebradansa.com/ca/creacio-vertebradansa/" role="button" class="wolf-core-button wolf-core-button-size-lg theme-button-secondary" id=""
			style=""
		><span class="wolf-core-button-text">Creació Vertebra Dansa</span></a></div><!-- .wolf-core-button-container -->				</div>
				</div>
				<div class="elementor-element elementor-element-4d0fab6 elementor-align-left elementor-invisible elementor-widget elementor-widget-button" data-id="4d0fab6" data-element_type="widget" data-e-type="widget" data-settings="{&quot;_animation&quot;:&quot;fadeIn&quot;,&quot;_animation_delay&quot;:1000}" data-widget_type="button.default">
				<div class="elementor-widget-container">
					<div class="wolf-core-button-container wolf-core-element"><a target="_parent" href="https://vertebradansa.com/ca/espai-viu-tallers/" role="button" class="wolf-core-button wolf-core-button-size-lg theme-button-secondary" id=""
			style=""
		><span class="wolf-core-button-text">Tallers no professionals</span></a></div><!-- .wolf-core-button-container -->				</div>
				</div>
				<div data-animation="paragraph" data-animation-delay="0" class=" elementor-element elementor-element-a8e9406 animated-text-yes elementor-widget__width-initial elementor-widget elementor-widget-text-editor" data-id="a8e9406" data-element_type="widget" data-e-type="widget" data-widget_type="text-editor.default">
									<p><span style="font-weight: 400;">L&#8217;Espai Viu és un espai de formació no professional obert a tota la comunitat de Tortosa i voltants, pensat per apropar-se al món de la dansa i el moviment d’una manera accessible i inclusiva. El projecte s’articula a través de la CREACIÓ VERTEBRA DANSA, orientada al treball creatiu amb entitats de la ciutat i persones interessades, i una programació de tallers gratuïts per a totes les edats, que fomenten la participació i l’expressió corporal.Tots els tallers es duran a terme entre el dilluns 20 i el divendres 24 de juliol. La mostra dels tallers es farà oberta al públic el diumenge 26 de juliol a les 19 h a l’Absis de la Catedral de Tortosa.</span></p>								</div>
					</div>
				</div>
				</div>

<p>ESPAI VIU Creació Vertebra Dansa Tallers no professionals L&#8217;Espai Viu és un espai de formació no professional obert a tota la comunitat de Tortosa i voltants, pensat per apropar-se al món de la dansa i el moviment d’una manera accessible i inclusiva. El projecte s’articula a través de la CREACIÓ VERTEBRA DANSA, orientada al treball&#8230;</p>
<p><a rel="bookmark" class="theme-button-text wolf-core-button wolf-core-button-size-md" href="https://vertebradansa.com/es/espai-viu/"><span>Seguir leyendo</span></a></p>
