{"id":13455,"date":"2026-04-30T13:01:38","date_gmt":"2026-04-30T12:01:38","guid":{"rendered":"https:\/\/vertebradansa.com\/dansa-contemporania\/"},"modified":"2026-04-30T13:01:38","modified_gmt":"2026-04-30T12:01:38","slug":"dansa-contemporania","status":"publish","type":"page","link":"https:\/\/vertebradansa.com\/es\/dansa-contemporania\/","title":{"rendered":"Dansa contempor\u00e0nia"},"content":{"rendered":"\t\t<div data-elementor-type=\"wp-page\" data-elementor-id=\"13455\" class=\"elementor elementor-13455 elementor-13351\" data-elementor-post-type=\"page\">\n\t\t\t\t<div class=\"locoscroll-bg-animated wolf-core-elementor-row wolf-core-font-light elementor-element elementor-element-a74b0a3 wolf-core-font-light locoscroll-bg-parallax e-flex e-con-boxed e-con e-parent\" style=\"opacity:0;\" data-scroll=\"\" data-scroll-css-progress=\" \" data-bg-url=\"https:\/\/vertebradansa.com\/wp-content\/uploads\/2026\/04\/A-Hierro-BiN.png\" data-bg-url-tablet=\"\" data-bg-url-mobile=\"\" data-scroll-custom-offset=\"\" data-scroll-custom-duration=\"\" data-scroll-class=\"locoscroll-animate\" data-scroll-entrance-animation=\"\" data-font-skin=\"light\" data-color-tone=\"dark\" data-id=\"a74b0a3\" data-element_type=\"container\" data-e-type=\"container\" data-settings=\"{&quot;background_background&quot;:&quot;classic&quot;}\">\n\t\t\t\t\t<div class=\"e-con-inner\">\n\t\t\t\t<div class=\"elementor-element elementor-element-4d83f58 animated-heading-yes elementor-widget__width-initial elementor-widget elementor-widget-heading\" data-id=\"4d83f58\" data-element_type=\"widget\" data-e-type=\"widget\" data-widget_type=\"heading.default\">\n\t\t\t\t\t<h1 data-animation=\"title\" class=\"elementor-heading-title elementor-size-default\">DANSA <\/h1>\t\t\t\t<\/div>\n\t\t\t\t<div class=\"elementor-element elementor-element-26dfbd2 animated-heading-yes elementor-widget__width-initial elementor-widget elementor-widget-heading\" data-id=\"26dfbd2\" data-element_type=\"widget\" data-e-type=\"widget\" data-widget_type=\"heading.default\">\n\t\t\t\t\t<h1 data-animation=\"title\" class=\"elementor-heading-title elementor-size-default\">CONTEMPOR\u00c0NIA<\/h1>\t\t\t\t<\/div>\n\t\t<div data-scroll-custom-offset=\"\" data-scroll-custom-duration=\"\" data-scroll-css-progress=\"\" data-scroll-class=\"locoscroll-animate\" data-scroll-entrance-animation=\"\" class=\"wolf-core-elementor-row wolf-core-font- elementor-element elementor-element-d2a4776 e-con-full e-flex e-con e-child\" data-font-skin=\"\" data-color-tone=\"\" data-id=\"d2a4776\" data-element_type=\"container\" data-e-type=\"container\">\n\t\t<div data-scroll-custom-offset=\"\" data-scroll-custom-duration=\"\" data-scroll-css-progress=\"\" data-scroll-class=\"locoscroll-animate\" data-scroll-entrance-animation=\"\" class=\"wolf-core-elementor-row wolf-core-font- elementor-element elementor-element-dc6b356 e-con-full e-flex e-con e-child\" data-font-skin=\"\" data-color-tone=\"\" data-id=\"dc6b356\" data-element_type=\"container\" data-e-type=\"container\">\n\t\t\t\t<div class=\" elementor-element elementor-element-c62e660 elementor-widget__width-initial elementor-widget-mobile__width-initial elementor-invisible elementor-widget elementor-widget-text-editor\" data-id=\"c62e660\" data-element_type=\"widget\" data-e-type=\"widget\" data-settings=\"{&quot;_animation&quot;:&quot;fadeIn&quot;,&quot;_animation_delay&quot;:500}\" data-widget_type=\"text-editor.default\">\n\t\t\t\t\t\t\t\t\t<p><strong>Anna Hierro<\/strong><br \/>De 9:30 a 11:00<br \/>Per a majors de 14 anys<\/p>\t\t\t\t\t\t\t\t<\/div>\n\t\t\t\t<div data-animation=\"paragraph\" data-animation-delay=\"0\" class=\" elementor-element elementor-element-a8e9406 animated-text-yes elementor-widget__width-initial elementor-widget elementor-widget-text-editor\" data-id=\"a8e9406\" data-element_type=\"widget\" data-e-type=\"widget\" data-widget_type=\"text-editor.default\">\n\t\t\t\t\t\t\t\t\t<span style=\"font-weight: 400;\">L\u2019objectiu d\u2019aquest taller \u00e9s gaudir de la dansa, ampliar els registres i recursos de moviment, potenciar la capacitat de memoritzaci\u00f3 i interpretaci\u00f3 de coreografies i estimular la creativitat a trav\u00e9s de la improvisaci\u00f3.<\/span>\t\t\t\t\t\t\t\t<\/div>\n\t\t\t\t<div class=\" elementor-element elementor-element-c66515b elementor-widget elementor-widget-text-editor\" data-id=\"c66515b\" data-element_type=\"widget\" data-e-type=\"widget\" data-widget_type=\"text-editor.default\">\n\t\t\t\t\t\t\t\t\t<b>Anna Hierro<\/b>\t\t\t\t\t\t\t\t<\/div>\n\t\t\t\t<div data-animation=\"paragraph\" data-animation-delay=\"0\" class=\" elementor-element elementor-element-3496a5f animated-text-yes elementor-widget__width-initial elementor-widget elementor-widget-text-editor\" data-id=\"3496a5f\" data-element_type=\"widget\" data-e-type=\"widget\" data-widget_type=\"text-editor.default\">\n\t\t\t\t\t\t\t\t\t<p><span style=\"font-weight: 400;\">\u00c9s una ballarina i int\u00e8rpret de dansa contempor\u00e0nia formada a l\u2019Institut del Teatre de Barcelona. Ha treballat amb diverses companyies i creadors de l\u2019escena contempor\u00e0nia catalana, com La Veronal i Cesc Gelabert, i ha participat en projectes esc\u00e8nics i interdisciplinaris. Des de 2014 desenvolupa el seu propi projecte de creaci\u00f3, Ensemble Topogr\u00e1fico, centrat en la investigaci\u00f3 del moviment, el so i l\u2019experi\u00e8ncia sensorial. Compagina la seva activitat art\u00edstica amb la doc\u00e8ncia.<\/span><\/p>\t\t\t\t\t\t\t\t<\/div>\n\t\t\t\t<\/div>\n\t\t<div data-scroll-custom-offset=\"\" data-scroll-custom-duration=\"\" data-scroll-css-progress=\"\" data-scroll-class=\"locoscroll-animate\" data-scroll-entrance-animation=\"\" class=\"wolf-core-elementor-row wolf-core-font- elementor-element elementor-element-b24fb22 e-con-full e-flex e-con e-child\" data-font-skin=\"\" data-color-tone=\"\" data-id=\"b24fb22\" data-element_type=\"container\" data-e-type=\"container\">\n\t\t\t\t<div class=\"elementor-element elementor-element-739c04e elementor-align-right elementor-invisible elementor-widget elementor-widget-button\" data-id=\"739c04e\" data-element_type=\"widget\" data-e-type=\"widget\" data-settings=\"{&quot;_animation&quot;:&quot;fadeIn&quot;,&quot;_animation_delay&quot;:1000}\" data-widget_type=\"button.default\">\n\t\t\t\t<div class=\"elementor-widget-container\">\n\t\t\t\t\t<div class=\"wolf-core-button-container wolf-core-element\"><a target=\"_blank\" href=\"https:\/\/docs.google.com\/forms\/d\/e\/1FAIpQLScu6fd6TnEJdqYb8bVZXjUVwat_cNaS1a3NkWHmZDpBQOGqpw\/viewform?usp=dialog\" role=\"button\" class=\"wolf-core-button wolf-core-button-size-lg theme-button-secondary\" id=\"\"\n\t\t\tstyle=\"\"\n\t\t><span class=\"wolf-core-button-text\">INSCRIU-TE<\/span><\/a><\/div><!-- .wolf-core-button-container -->\t\t\t\t<\/div>\n\t\t\t\t<\/div>\n\t\t\t\t<div data-animation=\"paragraph\" data-animation-delay=\"0\" class=\" elementor-element elementor-element-ecae65d animated-text-yes elementor-widget__width-initial elementor-widget elementor-widget-text-editor\" data-id=\"ecae65d\" data-element_type=\"widget\" data-e-type=\"widget\" data-widget_type=\"text-editor.default\">\n\t\t\t\t\t\t\t\t\t<p><b>Lloc: <\/b><br \/>Carpa Xirin<br \/>(Parc Municipal Teodor Gonz\u00e1lez)<\/p><p><b>Horari:<\/b><br \/><span style=\"font-weight: 400;\">De 9:30 a 11:00<\/span><\/p><p><b>Edat:<\/b><br \/><span style=\"font-weight: 400;\">Per a majors de 14 anys<\/span><\/p>\t\t\t\t\t\t\t\t<\/div>\n\t\t\t\t<\/div>\n\t\t\t\t<\/div>\n\t\t\t\t\t<\/div>\n\t\t\t\t<\/div>\n\t\t<div class=\"locoscroll-bg-animated wolf-core-elementor-row wolf-core-font-light elementor-element elementor-element-e7c776c wolf-core-font-light locoscroll-bg-parallax e-flex e-con-boxed e-con e-parent\" style=\"opacity:0;\" data-scroll=\"\" data-scroll-css-progress=\" \" data-bg-url=\"\" data-bg-url-tablet=\"\" data-bg-url-mobile=\"\" data-scroll-custom-offset=\"\" data-scroll-custom-duration=\"\" data-scroll-class=\"locoscroll-animate\" data-scroll-entrance-animation=\"\" data-font-skin=\"light\" data-color-tone=\"dark\" data-id=\"e7c776c\" data-element_type=\"container\" data-e-type=\"container\" data-settings=\"{&quot;background_background&quot;:&quot;classic&quot;}\">\n\t\t\t\t\t<div class=\"e-con-inner\">\n\t\t\t\t\t<\/div>\n\t\t\t\t<\/div>\n\t\t\t\t<\/div>\n\t\t","protected":false},"excerpt":{"rendered":"<p>DANSA CONTEMPOR\u00c0NIA Anna HierroDe 9:30 a 11:00Per a majors de 14 anys L\u2019objectiu d\u2019aquest taller \u00e9s gaudir de la dansa, ampliar els registres i recursos de moviment, potenciar la capacitat de memoritzaci\u00f3 i interpretaci\u00f3 de coreografies i estimular la creativitat a trav\u00e9s de la improvisaci\u00f3.Anna Hierro \u00c9s una ballarina i int\u00e8rpret de dansa contempor\u00e0nia formada&#8230;<\/p>\n<p><a rel=\"bookmark\" class=\"theme-button-text wolf-core-button wolf-core-button-size-md\" href=\"https:\/\/vertebradansa.com\/es\/dansa-contemporania\/\"><span>Seguir leyendo<\/span><\/a><\/p>\n","protected":false},"author":1,"featured_media":0,"parent":0,"menu_order":0,"comment_status":"closed","ping_status":"closed","template":"","meta":{"footnotes":""},"class_list":{"0":"post-13455","1":"page","2":"type-page","3":"status-publish","4":"hentry","5":"entry","6":"clearfix","7":"entry-grid","8":"entry-columns-default","9":"entry-page-module-layout-standard","10":"no-post-thumbnail","11":"entry-page","13":"entry-page-grid"},"_links":{"self":[{"href":"https:\/\/vertebradansa.com\/es\/wp-json\/wp\/v2\/pages\/13455","targetHints":{"allow":["GET"]}}],"collection":[{"href":"https:\/\/vertebradansa.com\/es\/wp-json\/wp\/v2\/pages"}],"about":[{"href":"https:\/\/vertebradansa.com\/es\/wp-json\/wp\/v2\/types\/page"}],"author":[{"embeddable":true,"href":"https:\/\/vertebradansa.com\/es\/wp-json\/wp\/v2\/users\/1"}],"replies":[{"embeddable":true,"href":"https:\/\/vertebradansa.com\/es\/wp-json\/wp\/v2\/comments?post=13455"}],"version-history":[{"count":0,"href":"https:\/\/vertebradansa.com\/es\/wp-json\/wp\/v2\/pages\/13455\/revisions"}],"wp:attachment":[{"href":"https:\/\/vertebradansa.com\/es\/wp-json\/wp\/v2\/media?parent=13455"}],"curies":[{"name":"wp","href":"https:\/\/api.w.org\/{rel}","templated":true}]}}

Dansa contemporània

<div data-elementor-type="wp-page" data-elementor-id="13455" class="elementor elementor-13455 elementor-13351" data-elementor-post-type="page">
				<div class="locoscroll-bg-animated wolf-core-elementor-row wolf-core-font-light elementor-element elementor-element-a74b0a3 wolf-core-font-light locoscroll-bg-parallax e-flex e-con-boxed e-con e-parent" style="opacity:0;" data-scroll="" data-scroll-css-progress=" " data-bg-url="https://vertebradansa.com/wp-content/uploads/2026/04/A-Hierro-BiN.png" data-bg-url-tablet="" data-bg-url-mobile="" data-scroll-custom-offset="" data-scroll-custom-duration="" data-scroll-class="locoscroll-animate" data-scroll-entrance-animation="" data-font-skin="light" data-color-tone="dark" data-id="a74b0a3" data-element_type="container" data-e-type="container" data-settings="{&quot;background_background&quot;:&quot;classic&quot;}">
					<div class="e-con-inner">
				<div class="elementor-element elementor-element-4d83f58 animated-heading-yes elementor-widget__width-initial elementor-widget elementor-widget-heading" data-id="4d83f58" data-element_type="widget" data-e-type="widget" data-widget_type="heading.default">
					<h1 data-animation="title" class="elementor-heading-title elementor-size-default">DANSA </h1>				</div>
				<div class="elementor-element elementor-element-26dfbd2 animated-heading-yes elementor-widget__width-initial elementor-widget elementor-widget-heading" data-id="26dfbd2" data-element_type="widget" data-e-type="widget" data-widget_type="heading.default">
					<h1 data-animation="title" class="elementor-heading-title elementor-size-default">CONTEMPORÀNIA</h1>				</div>
		<div data-scroll-custom-offset="" data-scroll-custom-duration="" data-scroll-css-progress="" data-scroll-class="locoscroll-animate" data-scroll-entrance-animation="" class="wolf-core-elementor-row wolf-core-font- elementor-element elementor-element-d2a4776 e-con-full e-flex e-con e-child" data-font-skin="" data-color-tone="" data-id="d2a4776" data-element_type="container" data-e-type="container">
		<div data-scroll-custom-offset="" data-scroll-custom-duration="" data-scroll-css-progress="" data-scroll-class="locoscroll-animate" data-scroll-entrance-animation="" class="wolf-core-elementor-row wolf-core-font- elementor-element elementor-element-dc6b356 e-con-full e-flex e-con e-child" data-font-skin="" data-color-tone="" data-id="dc6b356" data-element_type="container" data-e-type="container">
				<div class=" elementor-element elementor-element-c62e660 elementor-widget__width-initial elementor-widget-mobile__width-initial elementor-invisible elementor-widget elementor-widget-text-editor" data-id="c62e660" data-element_type="widget" data-e-type="widget" data-settings="{&quot;_animation&quot;:&quot;fadeIn&quot;,&quot;_animation_delay&quot;:500}" data-widget_type="text-editor.default">
									<p><strong>Anna Hierro</strong><br />De 9:30 a 11:00<br />Per a majors de 14 anys</p>								</div>
				<div data-animation="paragraph" data-animation-delay="0" class=" elementor-element elementor-element-a8e9406 animated-text-yes elementor-widget__width-initial elementor-widget elementor-widget-text-editor" data-id="a8e9406" data-element_type="widget" data-e-type="widget" data-widget_type="text-editor.default">
									<span style="font-weight: 400;">L’objectiu d’aquest taller és gaudir de la dansa, ampliar els registres i recursos de moviment, potenciar la capacitat de memorització i interpretació de coreografies i estimular la creativitat a través de la improvisació.</span>								</div>
				<div class=" elementor-element elementor-element-c66515b elementor-widget elementor-widget-text-editor" data-id="c66515b" data-element_type="widget" data-e-type="widget" data-widget_type="text-editor.default">
									<b>Anna Hierro</b>								</div>
				<div data-animation="paragraph" data-animation-delay="0" class=" elementor-element elementor-element-3496a5f animated-text-yes elementor-widget__width-initial elementor-widget elementor-widget-text-editor" data-id="3496a5f" data-element_type="widget" data-e-type="widget" data-widget_type="text-editor.default">
									<p><span style="font-weight: 400;">És una ballarina i intèrpret de dansa contemporània formada a l’Institut del Teatre de Barcelona. Ha treballat amb diverses companyies i creadors de l’escena contemporània catalana, com La Veronal i Cesc Gelabert, i ha participat en projectes escènics i interdisciplinaris. Des de 2014 desenvolupa el seu propi projecte de creació, Ensemble Topográfico, centrat en la investigació del moviment, el so i l’experiència sensorial. Compagina la seva activitat artística amb la docència.</span></p>								</div>
				</div>
		<div data-scroll-custom-offset="" data-scroll-custom-duration="" data-scroll-css-progress="" data-scroll-class="locoscroll-animate" data-scroll-entrance-animation="" class="wolf-core-elementor-row wolf-core-font- elementor-element elementor-element-b24fb22 e-con-full e-flex e-con e-child" data-font-skin="" data-color-tone="" data-id="b24fb22" data-element_type="container" data-e-type="container">
				<div class="elementor-element elementor-element-739c04e elementor-align-right elementor-invisible elementor-widget elementor-widget-button" data-id="739c04e" data-element_type="widget" data-e-type="widget" data-settings="{&quot;_animation&quot;:&quot;fadeIn&quot;,&quot;_animation_delay&quot;:1000}" data-widget_type="button.default">
				<div class="elementor-widget-container">
					<div class="wolf-core-button-container wolf-core-element"><a target="_blank" href="https://docs.google.com/forms/d/e/1FAIpQLScu6fd6TnEJdqYb8bVZXjUVwat_cNaS1a3NkWHmZDpBQOGqpw/viewform?usp=dialog" role="button" class="wolf-core-button wolf-core-button-size-lg theme-button-secondary" id=""
			style=""
		><span class="wolf-core-button-text">INSCRIU-TE</span></a></div><!-- .wolf-core-button-container -->				</div>
				</div>
				<div data-animation="paragraph" data-animation-delay="0" class=" elementor-element elementor-element-ecae65d animated-text-yes elementor-widget__width-initial elementor-widget elementor-widget-text-editor" data-id="ecae65d" data-element_type="widget" data-e-type="widget" data-widget_type="text-editor.default">
									<p><b>Lloc: </b><br />Carpa Xirin<br />(Parc Municipal Teodor González)</p><p><b>Horari:</b><br /><span style="font-weight: 400;">De 9:30 a 11:00</span></p><p><b>Edat:</b><br /><span style="font-weight: 400;">Per a majors de 14 anys</span></p>								</div>
				</div>
				</div>
					</div>
				</div>
		<div class="locoscroll-bg-animated wolf-core-elementor-row wolf-core-font-light elementor-element elementor-element-e7c776c wolf-core-font-light locoscroll-bg-parallax e-flex e-con-boxed e-con e-parent" style="opacity:0;" data-scroll="" data-scroll-css-progress=" " data-bg-url="" data-bg-url-tablet="" data-bg-url-mobile="" data-scroll-custom-offset="" data-scroll-custom-duration="" data-scroll-class="locoscroll-animate" data-scroll-entrance-animation="" data-font-skin="light" data-color-tone="dark" data-id="e7c776c" data-element_type="container" data-e-type="container" data-settings="{&quot;background_background&quot;:&quot;classic&quot;}">
					<div class="e-con-inner">
					</div>
				</div>
				</div>

<p>DANSA CONTEMPORÀNIA Anna HierroDe 9:30 a 11:00Per a majors de 14 anys L’objectiu d’aquest taller és gaudir de la dansa, ampliar els registres i recursos de moviment, potenciar la capacitat de memorització i interpretació de coreografies i estimular la creativitat a través de la improvisació.Anna Hierro És una ballarina i intèrpret de dansa contemporània formada&#8230;</p>
<p><a rel="bookmark" class="theme-button-text wolf-core-button wolf-core-button-size-md" href="https://vertebradansa.com/es/dansa-contemporania/"><span>Seguir leyendo</span></a></p>
