{"id":13459,"date":"2026-04-29T08:27:05","date_gmt":"2026-04-29T07:27:05","guid":{"rendered":"https:\/\/vertebradansa.com\/creacio-vertebradansa\/"},"modified":"2026-04-29T08:27:05","modified_gmt":"2026-04-29T07:27:05","slug":"creacio-vertebradansa","status":"publish","type":"page","link":"https:\/\/vertebradansa.com\/es\/creacio-vertebradansa\/","title":{"rendered":"Creaci\u00f3 VertebraDansa"},"content":{"rendered":"\t\t<div data-elementor-type=\"wp-page\" data-elementor-id=\"13459\" class=\"elementor elementor-13459 elementor-13035\" data-elementor-post-type=\"page\">\n\t\t\t\t<div class=\"locoscroll-bg-animated wolf-core-elementor-row wolf-core-font-light elementor-element elementor-element-a74b0a3 wolf-core-font-light locoscroll-bg-parallax e-flex e-con-boxed e-con e-parent\" style=\"opacity:0;\" data-scroll=\"\" data-scroll-css-progress=\" \" data-bg-url=\"https:\/\/vertebradansa.com\/wp-content\/uploads\/2026\/04\/fons-espai-viu-33negre-e1777462724602.jpg\" data-bg-url-tablet=\"\" data-bg-url-mobile=\"\" data-scroll-custom-offset=\"\" data-scroll-custom-duration=\"\" data-scroll-class=\"locoscroll-animate\" data-scroll-entrance-animation=\"\" data-font-skin=\"light\" data-color-tone=\"dark\" data-id=\"a74b0a3\" data-element_type=\"container\" data-e-type=\"container\" data-settings=\"{&quot;background_background&quot;:&quot;classic&quot;}\">\n\t\t\t\t\t<div class=\"e-con-inner\">\n\t\t\t\t<div class=\"elementor-element elementor-element-4d83f58 animated-heading-yes elementor-widget__width-initial elementor-widget elementor-widget-heading\" data-id=\"4d83f58\" data-element_type=\"widget\" data-e-type=\"widget\" data-widget_type=\"heading.default\">\n\t\t\t\t\t<h1 data-animation=\"title\" class=\"elementor-heading-title elementor-size-default\">CREACI\u00d3<\/h1>\t\t\t\t<\/div>\n\t\t\t\t<div class=\"elementor-element elementor-element-26dfbd2 animated-heading-yes elementor-widget__width-initial elementor-widget elementor-widget-heading\" data-id=\"26dfbd2\" data-element_type=\"widget\" data-e-type=\"widget\" data-widget_type=\"heading.default\">\n\t\t\t\t\t<h1 data-animation=\"title\" class=\"elementor-heading-title elementor-size-default\">VERTEBRA DANSA<\/h1>\t\t\t\t<\/div>\n\t\t\t\t<div data-animation=\"paragraph\" data-animation-delay=\"0\" class=\" elementor-element elementor-element-a8e9406 animated-text-yes elementor-widget__width-initial elementor-widget elementor-widget-text-editor\" data-id=\"a8e9406\" data-element_type=\"widget\" data-e-type=\"widget\" data-widget_type=\"text-editor.default\">\n\t\t\t\t\t\t\t\t\t<p><span style=\"font-weight: 400;\">Aquest projecte proposa un proc\u00e9s de creaci\u00f3 participativa amb la participaci\u00f3 de 60 persones de col\u00b7lectius diversos del territori. Tot el proc\u00e9s compta amb l\u2019acompanyament de dos directors esc\u00e8nics amb experi\u00e8ncia en pr\u00e0ctiques comunit\u00e0ries, que guien i donen forma al treball col\u00b7lectiu.\u00a0<\/span><span style=\"font-weight: 400;\">\u00c9s una iniciativa que aposta per la inclusi\u00f3, la cohesi\u00f3 social i per refor\u00e7ar el vincle entre la ciutadania i la creaci\u00f3 contempor\u00e0nia. Ha estat una de les activitats amb m\u00e9s impacte a Deltebre, on el festival es va celebrar fins al 2025. <\/span><\/p><p><span style=\"font-weight: 400;\">En aquesta nova edici\u00f3, el projecte es repr\u00e8n a Tortosa, mantenint la mateixa ess\u00e8ncia i el comprom\u00eds de treballar colze a colze amb les entitats de la ciutat.\u00a0<\/span><span style=\"font-weight: 400;\">A cada edici\u00f3, es convida directors i directores art\u00edstiques amb experi\u00e8ncia en l\u2019\u00e0mbit comunitari perqu\u00e8 desenvolupin una pe\u00e7a esc\u00e8nica \u00fanica, amb tem\u00e0tica lliure. Enguany Erick Jimenez i Thomas Guiraud dirigiran l\u2019espai de creaci\u00f3.\u00a0<\/span><span style=\"font-weight: 400;\">Entenem les arts esc\u00e8niques com una eina per fomentar la inclusi\u00f3 social i l\u2019empoderament de col\u00b7lectius en situaci\u00f3 de vulnerabilitat, promovent la participaci\u00f3 activa i la creaci\u00f3 compartida.<\/span><\/p>\t\t\t\t\t\t\t\t<\/div>\n\t\t\t\t<div class=\" elementor-element elementor-element-16a1c0a elementor-widget elementor-widget-text-editor\" data-id=\"16a1c0a\" data-element_type=\"widget\" data-e-type=\"widget\" data-widget_type=\"text-editor.default\">\n\t\t\t\t\t\t\t\t\t<p><strong><span style=\"color: #00c951;\">Per a m\u00e9s informaci\u00f3 contacta amb<\/span> <a href=\"mailto:vertebradansa@gmail.com\"><span style=\"color: #00c951;\">vertebradansa@gmail.com<\/span><\/a><\/strong><\/p>\t\t\t\t\t\t\t\t<\/div>\n\t\t<div data-scroll-custom-offset=\"\" data-scroll-custom-duration=\"\" data-scroll-css-progress=\"\" data-scroll-class=\"locoscroll-animate\" data-scroll-entrance-animation=\"\" class=\"wolf-core-elementor-row wolf-core-font- elementor-element elementor-element-59a80d3 e-con-full e-flex e-con e-child\" data-font-skin=\"\" data-color-tone=\"\" data-id=\"59a80d3\" data-element_type=\"container\" data-e-type=\"container\">\n\t\t\t\t<div class=\" elementor-element elementor-element-2c282ee elementor-arrows-position-inside elementor-pagination-position-outside elementor-widget elementor-widget-image-carousel\" data-id=\"2c282ee\" data-element_type=\"widget\" data-e-type=\"widget\" data-settings=\"{&quot;navigation&quot;:&quot;both&quot;,&quot;autoplay&quot;:&quot;yes&quot;,&quot;pause_on_hover&quot;:&quot;yes&quot;,&quot;pause_on_interaction&quot;:&quot;yes&quot;,&quot;autoplay_speed&quot;:5000,&quot;infinite&quot;:&quot;yes&quot;,&quot;speed&quot;:500}\" data-widget_type=\"image-carousel.default\">\n\t\t\t\t\t\t\t<div class=\"elementor-image-carousel-wrapper swiper\" role=\"region\" aria-roledescription=\"carousel\" aria-label=\"Image Carousel\" dir=\"ltr\">\n\t\t\t<div class=\"elementor-image-carousel swiper-wrapper\" aria-live=\"off\">\n\t\t\t\t\t\t\t\t<div class=\"swiper-slide\" role=\"group\" aria-roledescription=\"slide\" aria-label=\"1 de 3\"><figure class=\"swiper-slide-inner\"><img decoding=\"async\" class=\"swiper-slide-image\" src=\"https:\/\/vertebradansa.com\/wp-content\/uploads\/2026\/04\/Foto-CREACIO-VERTEBRA-DANSA_2-1024x683.jpg\" alt=\"Foto CREACIO\u0301 VERTEBRA DANSA_2\" \/><\/figure><\/div><div class=\"swiper-slide\" role=\"group\" aria-roledescription=\"slide\" aria-label=\"2 de 3\"><figure class=\"swiper-slide-inner\"><img decoding=\"async\" class=\"swiper-slide-image\" src=\"https:\/\/vertebradansa.com\/wp-content\/uploads\/2026\/04\/Foto-CREACIO-VERTEBRA-DANSA_1-1024x683.jpg\" alt=\"Foto CREACIO\u0301 VERTEBRA DANSA_1\" \/><\/figure><\/div><div class=\"swiper-slide\" role=\"group\" aria-roledescription=\"slide\" aria-label=\"3 de 3\"><figure class=\"swiper-slide-inner\"><img decoding=\"async\" class=\"swiper-slide-image\" src=\"https:\/\/vertebradansa.com\/wp-content\/uploads\/2026\/04\/DSC_4854-1024x681.jpg\" alt=\"DSC_4854\" \/><\/figure><\/div>\t\t\t<\/div>\n\t\t\t\t\t\t\t\t\t\t\t\t<div class=\"elementor-swiper-button elementor-swiper-button-prev\" role=\"button\" tabindex=\"0\">\n\t\t\t\t\t\t<svg aria-hidden=\"true\" class=\"e-font-icon-svg e-eicon-chevron-left\" viewBox=\"0 0 1000 1000\" xmlns=\"http:\/\/www.w3.org\/2000\/svg\"><path d=\"M646 125C629 125 613 133 604 142L308 442C296 454 292 471 292 487 292 504 296 521 308 533L604 854C617 867 629 875 646 875 663 875 679 871 692 858 704 846 713 829 713 812 713 796 708 779 692 767L438 487 692 225C700 217 708 204 708 187 708 171 704 154 692 142 675 129 663 125 646 125Z\"><\/path><\/svg>\t\t\t\t\t<\/div>\n\t\t\t\t\t<div class=\"elementor-swiper-button elementor-swiper-button-next\" role=\"button\" tabindex=\"0\">\n\t\t\t\t\t\t<svg aria-hidden=\"true\" class=\"e-font-icon-svg e-eicon-chevron-right\" viewBox=\"0 0 1000 1000\" xmlns=\"http:\/\/www.w3.org\/2000\/svg\"><path d=\"M696 533C708 521 713 504 713 487 713 471 708 454 696 446L400 146C388 133 375 125 354 125 338 125 325 129 313 142 300 154 292 171 292 187 292 204 296 221 308 233L563 492 304 771C292 783 288 800 288 817 288 833 296 850 308 863 321 871 338 875 354 875 371 875 388 867 400 854L696 533Z\"><\/path><\/svg>\t\t\t\t\t<\/div>\n\t\t\t\t\n\t\t\t\t\t\t\t\t\t<div class=\"swiper-pagination\"><\/div>\n\t\t\t\t\t\t\t\t\t<\/div>\n\t\t\t\t\t\t<\/div>\n\t\t\t\t<\/div>\n\t\t\t\t\t<\/div>\n\t\t\t\t<\/div>\n\t\t<div class=\"locoscroll-bg-animated wolf-core-elementor-row wolf-core-font-light elementor-element elementor-element-e7c776c wolf-core-font-light locoscroll-bg-parallax e-flex e-con-boxed e-con e-parent\" style=\"opacity:0;\" data-scroll=\"\" data-scroll-css-progress=\" \" data-bg-url=\"\" data-bg-url-tablet=\"\" data-bg-url-mobile=\"\" data-scroll-custom-offset=\"\" data-scroll-custom-duration=\"\" data-scroll-class=\"locoscroll-animate\" data-scroll-entrance-animation=\"\" data-font-skin=\"light\" data-color-tone=\"dark\" data-id=\"e7c776c\" data-element_type=\"container\" data-e-type=\"container\" data-settings=\"{&quot;background_background&quot;:&quot;classic&quot;}\">\n\t\t\t\t\t<div class=\"e-con-inner\">\n\t\t\t\t\t<\/div>\n\t\t\t\t<\/div>\n\t\t\t\t<\/div>\n\t\t","protected":false},"excerpt":{"rendered":"<p>CREACI\u00d3 VERTEBRA DANSA Aquest projecte proposa un proc\u00e9s de creaci\u00f3 participativa amb la participaci\u00f3 de 60 persones de col\u00b7lectius diversos del territori. Tot el proc\u00e9s compta amb l\u2019acompanyament de dos directors esc\u00e8nics amb experi\u00e8ncia en pr\u00e0ctiques comunit\u00e0ries, que guien i donen forma al treball col\u00b7lectiu.\u00a0\u00c9s una iniciativa que aposta per la inclusi\u00f3, la cohesi\u00f3 social&#8230;<\/p>\n<p><a rel=\"bookmark\" class=\"theme-button-text wolf-core-button wolf-core-button-size-md\" href=\"https:\/\/vertebradansa.com\/es\/creacio-vertebradansa\/\"><span>Seguir leyendo<\/span><\/a><\/p>\n","protected":false},"author":3,"featured_media":0,"parent":0,"menu_order":0,"comment_status":"closed","ping_status":"closed","template":"","meta":{"footnotes":""},"class_list":{"0":"post-13459","1":"page","2":"type-page","3":"status-publish","4":"hentry","5":"entry","6":"clearfix","7":"entry-grid","8":"entry-columns-default","9":"entry-page-module-layout-standard","10":"no-post-thumbnail","11":"entry-page","13":"entry-page-grid"},"_links":{"self":[{"href":"https:\/\/vertebradansa.com\/es\/wp-json\/wp\/v2\/pages\/13459","targetHints":{"allow":["GET"]}}],"collection":[{"href":"https:\/\/vertebradansa.com\/es\/wp-json\/wp\/v2\/pages"}],"about":[{"href":"https:\/\/vertebradansa.com\/es\/wp-json\/wp\/v2\/types\/page"}],"author":[{"embeddable":true,"href":"https:\/\/vertebradansa.com\/es\/wp-json\/wp\/v2\/users\/3"}],"replies":[{"embeddable":true,"href":"https:\/\/vertebradansa.com\/es\/wp-json\/wp\/v2\/comments?post=13459"}],"version-history":[{"count":0,"href":"https:\/\/vertebradansa.com\/es\/wp-json\/wp\/v2\/pages\/13459\/revisions"}],"wp:attachment":[{"href":"https:\/\/vertebradansa.com\/es\/wp-json\/wp\/v2\/media?parent=13459"}],"curies":[{"name":"wp","href":"https:\/\/api.w.org\/{rel}","templated":true}]}}

Creació VertebraDansa

<div data-elementor-type="wp-page" data-elementor-id="13459" class="elementor elementor-13459 elementor-13035" data-elementor-post-type="page">
				<div class="locoscroll-bg-animated wolf-core-elementor-row wolf-core-font-light elementor-element elementor-element-a74b0a3 wolf-core-font-light locoscroll-bg-parallax e-flex e-con-boxed e-con e-parent" style="opacity:0;" data-scroll="" data-scroll-css-progress=" " data-bg-url="https://vertebradansa.com/wp-content/uploads/2026/04/fons-espai-viu-33negre-e1777462724602.jpg" data-bg-url-tablet="" data-bg-url-mobile="" data-scroll-custom-offset="" data-scroll-custom-duration="" data-scroll-class="locoscroll-animate" data-scroll-entrance-animation="" data-font-skin="light" data-color-tone="dark" data-id="a74b0a3" data-element_type="container" data-e-type="container" data-settings="{&quot;background_background&quot;:&quot;classic&quot;}">
					<div class="e-con-inner">
				<div class="elementor-element elementor-element-4d83f58 animated-heading-yes elementor-widget__width-initial elementor-widget elementor-widget-heading" data-id="4d83f58" data-element_type="widget" data-e-type="widget" data-widget_type="heading.default">
					<h1 data-animation="title" class="elementor-heading-title elementor-size-default">CREACIÓ</h1>				</div>
				<div class="elementor-element elementor-element-26dfbd2 animated-heading-yes elementor-widget__width-initial elementor-widget elementor-widget-heading" data-id="26dfbd2" data-element_type="widget" data-e-type="widget" data-widget_type="heading.default">
					<h1 data-animation="title" class="elementor-heading-title elementor-size-default">VERTEBRA DANSA</h1>				</div>
				<div data-animation="paragraph" data-animation-delay="0" class=" elementor-element elementor-element-a8e9406 animated-text-yes elementor-widget__width-initial elementor-widget elementor-widget-text-editor" data-id="a8e9406" data-element_type="widget" data-e-type="widget" data-widget_type="text-editor.default">
									<p><span style="font-weight: 400;">Aquest projecte proposa un procés de creació participativa amb la participació de 60 persones de col·lectius diversos del territori. Tot el procés compta amb l’acompanyament de dos directors escènics amb experiència en pràctiques comunitàries, que guien i donen forma al treball col·lectiu. </span><span style="font-weight: 400;">És una iniciativa que aposta per la inclusió, la cohesió social i per reforçar el vincle entre la ciutadania i la creació contemporània. Ha estat una de les activitats amb més impacte a Deltebre, on el festival es va celebrar fins al 2025. </span></p><p><span style="font-weight: 400;">En aquesta nova edició, el projecte es reprèn a Tortosa, mantenint la mateixa essència i el compromís de treballar colze a colze amb les entitats de la ciutat. </span><span style="font-weight: 400;">A cada edició, es convida directors i directores artístiques amb experiència en l’àmbit comunitari perquè desenvolupin una peça escènica única, amb temàtica lliure. Enguany Erick Jimenez i Thomas Guiraud dirigiran l’espai de creació. </span><span style="font-weight: 400;">Entenem les arts escèniques com una eina per fomentar la inclusió social i l’empoderament de col·lectius en situació de vulnerabilitat, promovent la participació activa i la creació compartida.</span></p>								</div>
				<div class=" elementor-element elementor-element-16a1c0a elementor-widget elementor-widget-text-editor" data-id="16a1c0a" data-element_type="widget" data-e-type="widget" data-widget_type="text-editor.default">
									<p><strong><span style="color: #00c951;">Per a més informació contacta amb</span> <a href="mailto:vertebradansa@gmail.com"><span style="color: #00c951;">vertebradansa@gmail.com</span></a></strong></p>								</div>
		<div data-scroll-custom-offset="" data-scroll-custom-duration="" data-scroll-css-progress="" data-scroll-class="locoscroll-animate" data-scroll-entrance-animation="" class="wolf-core-elementor-row wolf-core-font- elementor-element elementor-element-59a80d3 e-con-full e-flex e-con e-child" data-font-skin="" data-color-tone="" data-id="59a80d3" data-element_type="container" data-e-type="container">
				<div class=" elementor-element elementor-element-2c282ee elementor-arrows-position-inside elementor-pagination-position-outside elementor-widget elementor-widget-image-carousel" data-id="2c282ee" data-element_type="widget" data-e-type="widget" data-settings="{&quot;navigation&quot;:&quot;both&quot;,&quot;autoplay&quot;:&quot;yes&quot;,&quot;pause_on_hover&quot;:&quot;yes&quot;,&quot;pause_on_interaction&quot;:&quot;yes&quot;,&quot;autoplay_speed&quot;:5000,&quot;infinite&quot;:&quot;yes&quot;,&quot;speed&quot;:500}" data-widget_type="image-carousel.default">
							<div class="elementor-image-carousel-wrapper swiper" role="region" aria-roledescription="carousel" aria-label="Image Carousel" dir="ltr">
			<div class="elementor-image-carousel swiper-wrapper" aria-live="off">
								<div class="swiper-slide" role="group" aria-roledescription="slide" aria-label="1 de 3"><figure class="swiper-slide-inner"><img decoding="async" class="swiper-slide-image" src="https://vertebradansa.com/wp-content/uploads/2026/04/Foto-CREACIO-VERTEBRA-DANSA_2-1024x683.jpg" alt="Foto CREACIÓ VERTEBRA DANSA_2" /></figure></div><div class="swiper-slide" role="group" aria-roledescription="slide" aria-label="2 de 3"><figure class="swiper-slide-inner"><img decoding="async" class="swiper-slide-image" src="https://vertebradansa.com/wp-content/uploads/2026/04/Foto-CREACIO-VERTEBRA-DANSA_1-1024x683.jpg" alt="Foto CREACIÓ VERTEBRA DANSA_1" /></figure></div><div class="swiper-slide" role="group" aria-roledescription="slide" aria-label="3 de 3"><figure class="swiper-slide-inner"><img decoding="async" class="swiper-slide-image" src="https://vertebradansa.com/wp-content/uploads/2026/04/DSC_4854-1024x681.jpg" alt="DSC_4854" /></figure></div>			</div>
												<div class="elementor-swiper-button elementor-swiper-button-prev" role="button" tabindex="0">
						<svg aria-hidden="true" class="e-font-icon-svg e-eicon-chevron-left" viewBox="0 0 1000 1000" xmlns="http://www.w3.org/2000/svg"><path d="M646 125C629 125 613 133 604 142L308 442C296 454 292 471 292 487 292 504 296 521 308 533L604 854C617 867 629 875 646 875 663 875 679 871 692 858 704 846 713 829 713 812 713 796 708 779 692 767L438 487 692 225C700 217 708 204 708 187 708 171 704 154 692 142 675 129 663 125 646 125Z"></path></svg>					</div>
					<div class="elementor-swiper-button elementor-swiper-button-next" role="button" tabindex="0">
						<svg aria-hidden="true" class="e-font-icon-svg e-eicon-chevron-right" viewBox="0 0 1000 1000" xmlns="http://www.w3.org/2000/svg"><path d="M696 533C708 521 713 504 713 487 713 471 708 454 696 446L400 146C388 133 375 125 354 125 338 125 325 129 313 142 300 154 292 171 292 187 292 204 296 221 308 233L563 492 304 771C292 783 288 800 288 817 288 833 296 850 308 863 321 871 338 875 354 875 371 875 388 867 400 854L696 533Z"></path></svg>					</div>
				
									<div class="swiper-pagination"></div>
									</div>
						</div>
				</div>
					</div>
				</div>
		<div class="locoscroll-bg-animated wolf-core-elementor-row wolf-core-font-light elementor-element elementor-element-e7c776c wolf-core-font-light locoscroll-bg-parallax e-flex e-con-boxed e-con e-parent" style="opacity:0;" data-scroll="" data-scroll-css-progress=" " data-bg-url="" data-bg-url-tablet="" data-bg-url-mobile="" data-scroll-custom-offset="" data-scroll-custom-duration="" data-scroll-class="locoscroll-animate" data-scroll-entrance-animation="" data-font-skin="light" data-color-tone="dark" data-id="e7c776c" data-element_type="container" data-e-type="container" data-settings="{&quot;background_background&quot;:&quot;classic&quot;}">
					<div class="e-con-inner">
					</div>
				</div>
				</div>

<p>CREACIÓ VERTEBRA DANSA Aquest projecte proposa un procés de creació participativa amb la participació de 60 persones de col·lectius diversos del territori. Tot el procés compta amb l’acompanyament de dos directors escènics amb experiència en pràctiques comunitàries, que guien i donen forma al treball col·lectiu. És una iniciativa que aposta per la inclusió, la cohesió social&#8230;</p>
<p><a rel="bookmark" class="theme-button-text wolf-core-button wolf-core-button-size-md" href="https://vertebradansa.com/es/creacio-vertebradansa/"><span>Seguir leyendo</span></a></p>
